51 + -127 + 132 + 1 + -14.
42
What is the value of -30 + 22 + -33 + 37 + 32?
28
What is -8 - (-20 - -5) - (13 + 8 + 12)?
-26
-43 + 38 - (5 + 1) - -14
3
What is the value of 15 - (38 + -42 - ((0 - -1) + -5 + 10))?
25
72 - ((-14 - (-31 + (1 - -9))) + -1)
66
(384 - 386) + 0 + (-1 - 2) + (-16 - -104)
83
What is the value of 0 + 4 - (2 - -3 - 0) - (-3 + 8)?
-6
Evaluate 3 - -12 - (-9 + (56 - 1) - 28).
-3
What is the value of 32 - (-33 + 59) - (2 - (-1 - 34))?
-31
Calculate 5 - 13 - 9 - (-30 + -69 + 17).
65
What is -21 - ((-17 - -23 - 15) + -9 - 12)?
9
What is -12 - ((22 - 29 - -14) + -17)?
-2
Calculate 14 + -22 - 29 - -4 - 21.
-54
Calculate (41 - -1) + (-92 - -72).
22
What is the value of 36 + (23 - 57) + 12 + -51?
-37
Evaluate (-4 - ((0 - -3) + -4)) + -37 + (57 - 29).
-12
Evaluate 10 + (6 - 27) + 0 + 7 + -3 - -53.
46
What is the value of 1 + -7 + 0 - (3446 + -3448) - -48?
44
What is 5 - 7 - (-40 + 53 - -28)?
-43
Evaluate -82 - (52 + (-278 - -121)).
23
What is the value of -8 + 1 + -9 - (-12 + 12 + 5)?
-21
Calculate 11 + (-18 - -40 - 44).
-11
What is -14 + 85 + 26 - 54?
43
Evaluate -13 + 0 - (-6 + (-18 - -24)).
-13
What is 108 - (-67 + 58 - -55)?
62
Evaluate 20 + 5 - (-10 + 35) - -29.
29
(10 - -5) + -6 + -50 + (5 - (1 + 7))
-44
What is the value of (-19 - -13) + (-9 - -81) - -1?
67
What is the value of 23 + -12 - (6 - 5) - 12 - (2 - -6)?
-10
Calculate -59 - -40 - (-6 + -9 + -71).
67
What is the value of (4 - 1) + -1 - (14 - -33) - (127 - 117)?
-55
-6 + -29 + -24 + 37 + 113
91
What is 104 + 21 - (-76 - -72)?
129
What is 18 - (-14 + -28 + 4 - (-3 + 1))?
54
Evaluate 17 - ((21 - (7 + 9 + -15)) + -33).
30
-6 + 10 + -15 + (-4 + 31 - (-2 + 1))
17
What is the value of (-20 - 14) + (99 - 119)?
-54
Calculate -25 + 11 + (-9 - -16) - (1 + -3) - -19.
14
Calculate (117 - 1) + (-61 - (8 - (29 - -4)) - -27).
107
Evaluate 30 - (16 - -16 - -2).
-4
What is (2 - (3 + -5)) + (-9 - (-63 - (-9 - -6)))?
55
Evaluate 31 + 43 + -57 + -1.
16
What is the value of 39 - 3 - (-37 + -58 - -109)?
22
Calculate (-1 - ((-22 - 3) + -30 + 43)) + 36.
47
Calculate 34 + -2 + -6 + -27.
-1
What is -1 - 63 - (5769 - 5818)?
-15
What is -76 - (2 + 2 + -3 + 13 + (-4 - 2))?
-84
What is the value of (2 - 0 - -3) + 62 + -30 + (4 - 18)?
23
Evaluate -32 - (41 + -62 + 60) - (-3 - 0).
-68
Calculate -512 + 459 + (91 - -1).
39
Calculate -11 + 27 + -42 - -20.
-6
Calculate -5522 + 5516 - (1 + -2 + 45).
-50
What is 9 + -47 - -52 - (1 - 32 - 1)?
46
10 + (-1 - 4 - (-36 - (-141 - -50)))
-50
What is (-2 + (23 - 18) - -4) + 49?
56
Evaluate (-8 - 0) + (4 - 22 - -46).
20
Calculate 178 + -199 - ((5 - 5) + -26).
5
Evaluate (-47 - -2) + -8258 + 8380.
77
Evaluate (-27 - (-9 + (3 - -4) + -3)) + (-28 - -24).
-26
What is the value of -185 + 240 - (49 + -3)?
9
Evaluate 268 + -148 + -140 + -95.
-115
85 + -26 + 5 + 2
66
Evaluate (-109 - -72 - -45) + -3 + -15.
-10
-986 + 1035 - (5 - 98)
142
What is (63 - 55 - -29 - -65) + (-20 - 1)?
81
1 + (-10 - 11) + 32
12
Evaluate -2 + -20 + (-48 - 27 - -87).
-10
Calculate 1 + -4 - (-21 + (-19 - (-24 - -32))).
45
Evaluate 35 + -19 + -11 + 18 + -9.
14
Evaluate 25 + (35 - 88) - 3.
-31
Evaluate -144 + 36 + 38 + 148.
78
What is the value of 49 - (-7 + 29 + -9 + -15 + -3)?
54
What is the value of 61 + -55 - (3 + 0) - 17 - -123?
109
What is 105 + -52 + -45 + (1 - 16) - 13?
-20
40 - ((31 - 3) + -177 + 155)
34
What is the value of 1712 + -1677 - (-1 + (-2 - -38))?
0
What is the value of (-3 - -31) + (382 - 334) - ((12 - 3) + 2)?
65
Calculate 2 + 4 + (33 - -11 - -8) + -8 + 3.
53
-9 + -5 + 7 + -5 + 46 + -6
28
Evaluate (0 - 11) + (139 - (335 + -148)).
-59
Calculate 60 + -3 + -1 + (-7 - 2) + 533 + -529.
51
-128 - (37 + -27 - 76)
-62
Calculate 19 - 47 - -3 - (0 + 12).
-37
Evaluate -16 + 10 + (-3 - -5) + -1 + -96 - 9.
-110
Evaluate -108 + 43 + 50 - (-10 - -3).
-8
65 - (222 + -3 - 101)
-53
-2 - -2 - -8 - (28 + -12 + -32)
24
Evaluate 0 - -54 - (-4 - -23 - (-92 + 111)).
54
What is -38 + (130 - 4) + -44?
44
What is the value of -1 + (11 - (1 + -4)) + (-1 - (-3 + -6))?
21
Evaluate -109 + (9 - (3 - (7 - (-7 - -26)))).
-115
38 - 21 - (3 - (18 - (-9 - -6)))
35
Evaluate 61 + -1 - ((5 - (-10 + 11)) + -3 - -7).
52
16 - ((-18 - -29) + -3)
8
Calculate (20 - 6) + (-13 - (-1 + -1)).
3
(-12 - (-8 + -4) - 10) + (22 - 3) + 11
20
What is (0 - -16 - -1 - 3) + -27 + -29?
-42
What is the value of -27 + (-23 - (20 - 88))?
18
Calculate 9 + -417 + 412 + -2 + (62 - -2).
66
What is the value of -15 + 34 + (30 + 16 - 26)?
39
-7 + (88 - (3 - -1))
77
What is the value of 0 + -12 - 3 - (1970 - 1980)?
-5
What is the value of 15 - (-12 + 97 + 8 + -16 + -9)?
-53
0 - -78 - (11800 - 11756)
34
Calculate 890 + -880 + 32 + -1.
41
45 - (-6 - (-18 + -6 - -4))
31
Evaluate 1 + -51 - (-274 - -207).
17
What is 0 - -40 - ((1683 - 1726) + -1 + 36)?
48
What is -65 - (-28 + (7 - (32 + -28)))?
-40
What is the value of 6 + (39 + -94 - ((-6 - -3) + -6 - 3))?
-37
What is 24 + -50 + 99 + -58?
15
Evaluate 17 + -8 + (-8 - 1) - -4.
4
(1 - 0) + -15 - (12 + -35 + 13)
-4
Calculate -1 + 19 - (-72 - (-60 - 32)).
-2
Evaluate -30 + (2 - ((8 - -1) + -46 + 29)) - 10.
-30
Calculate (-12 - (-2 + 3)) + (7 - (23 + -12)).
-17
Calculate 64 - (102 + -58 - 16).
36
Calculate -2 - 99 - (25 + -13 + -46 - -13).
-80
What is the value of (-3 + 0 - (48 + -23 - 34)) + -39?
-33
Evaluate (160 - 42) + (14 - (-9 - -23) - (6 + -9)).
121
What is the value of 28 + 76 + -62 - -11?
53
What is the value of 10 + (19 - (-31 + 15 + 9))?
36
Calculate 5 + 2 - (-130 + (69 - -9)).
59
What is (10 + -1 - (3 + (0 - -15) + -58)) + -10?
39
0 - (-1 + -3 + (18 - 18) - (-59 + 7))
-48
Evaluate 47 + -6 + -47 + 57.
51
-11 + (1 + -3 + 9 - (830 - 820))
-14
-67 - 8 - (111 - 140)
-46
Evaluate 12 + ((-22 - (14 - 28)) + 8 - 4).
8
Evaluate 57 + (113 - 282 - -71).
-41
Calculate (79 + -104 - -160) + -48.
87
Evaluate 1 - 0 - 101 - (-23 + 61 + (-66 - -15)).
-87
Calculate -9 + 8 - (-2 - 0) - (26 + 28) - -6.
-47
Evaluate (8 - (8 + -13 - -26)) + (-215 - -349).
121
What is 133 + (35 + -64 - 84)?
20
Calculate 5 - (-17 + -10) - (163 + -146).
15
What is the value of (-85 - (-54 + -20)) + (0 - -35)?
24
Calculate (-3 - 0) + (22 - (-6 + 29)) + -10.
-14
Calculate (0 - (-5 + 4 + -8 + 18)) + (0 - -10).
1
Evaluate (33 - 15) + (8 - 10 - (-12 - 1)).
29
What is (-1 - -6 - -1) + (-48 - -89) + -23?
24
What is the value of 3 + (26 - (1 + -15 + -1 + 3))?
41
Calculate 52 - (-39 + 27 + 91).
-27
-13341 + 13308 + 1 + (15 - 0)
-17
Calculate 3 + (25 - (9 + 9 + -26)).
36
45 - (19 + 46 + -56)
36
8 - 8 - (-15 - (5 + -7 + (-9 - -6)))
10
Evaluate 115 + -49 + 44 + (-3 - 21).
86
What is the value of -32 + -2 + (10 - (16 + 1 + -11))?
-30
-3 + 4 + -27 + (12 - (3 - -17)) + 18
-16
Evaluate 262 + -231 - 114 - (0 - -4).
-87
Evaluate (-24 + -63 - (-16 - (-12 - -4))) + -4 + -5.
-88
What is -5 - (8 - (-2 - -4) - (-244 - -275))?
20
Evaluate -7 + (-4 - ((8 - (4 + -3 - -1)) + -58)).
41
Evaluate -13 + 17 + -1 + (12 + -9 - 7).
-1
What is ((-1 - -26) + -1 - -2) + (-34 - (49 - 74))?
17
-2 + (23 - -32) + -86
-33
What is 41 + -44 - (41 - (1 - -7))?
-36
Calculate -15 - ((15 - -1) + -22 + 21 - -27).
-57
What is 81 + -81 + -42 + 3 + (1 - -1)?
-37
Evaluate -2 + 2 - ((-2 - (11 - 10)) + 4 - 42).
41
-2 - 4 - (24 + -12 + (3 - 18 - 99))
96
Evaluate (-16 - -5) + 1 + (87 - (-40 - -135)).
-18
Calculate -16 - (8 + -3 + 23 + -50).
6
What is the value of -177 + (44 - 26 - -32 - 2)?
-129
114 + (15 - (-9 + 22 + 1 - 8)) + -13
110
What is the value of -102 + 189 + (-56 - -85)?
116
What is (12 - 2) + (-12 - (1 + 11 + -13)) - 10?
-11
What is -33 - -46 - (11 + 1) - (-21 + -2)?
24
What is (1 - -5) + 9 + 13 + -5 - (-1 + 12)?
12
Evaluate 125 + -99 + (-52 - -18) - -66.
58
What is -89 - ((60 - 139) + 94)?
-104
Evaluate -26 + (1 - -21 - -14) - (2 + 45).
-37
What is the value of 27 + 1 - (-258 + 120 - -153)?
13
What is the value of 9 - (0 + (-12 - (3 + 10 + -115 - 11)))?
-92
What is the value of -112 - (-7 + -140 + 88)?
-53
What is the value of 21 + -4 + (35 - 64)?
-12
Calculate (85 - (4 + 13)) + (-1 - 2) + 21 + -31.
55
3135 - 3033 - (-4 - -29)
77
Evaluate 12 - 2 - (-1 - ((-5 - -8) + -3)) - 79.
-68
Calculate (-5682 - -5784) + (-39 - 0).
63
What is 6 - 12 - (8 + -12 + -31)?
29
What is the value of 11 + (2 - -10 - 35) - (19 + 14 - 8)?
-37
What is the value of -2 - (-48 + 37 + 50)?
-41
Evaluate -13 